{"id":7352,"date":"2022-01-11T17:45:19","date_gmt":"2022-01-11T22:45:19","guid":{"rendered":"https:\/\/www.culturaltraslahuella.com\/?post_type=arts_album&#038;p=7352"},"modified":"2022-01-13T14:05:41","modified_gmt":"2022-01-13T19:05:41","slug":"inche-ruth-antipichun-medica-tradicional","status":"publish","type":"arts_album","link":"https:\/\/www.culturaltraslahuella.com\/en\/albums\/inche-ruth-antipichun-medica-tradicional\/","title":{"rendered":"Inch\u00e9 Ruth Antipich\u00fan &#8211; M\u00e9dica tradicional"},"featured_media":7674,"template":"elementor_header_footer","class_list":["post-7352","arts_album","type-arts_album","status-publish","has-post-thumbnail","hentry"],"acf":[],"jetpack_sharing_enabled":true,"_links":{"self":[{"href":"https:\/\/www.culturaltraslahuella.com\/en\/wp-json\/wp\/v2\/arts_album\/7352","targetHints":{"allow":["GET"]}}],"collection":[{"href":"https:\/\/www.culturaltraslahuella.com\/en\/wp-json\/wp\/v2\/arts_album"}],"about":[{"href":"https:\/\/www.culturaltraslahuella.com\/en\/wp-json\/wp\/v2\/types\/arts_album"}],"version-history":[{"count":0,"href":"https:\/\/www.culturaltraslahuella.com\/en\/wp-json\/wp\/v2\/arts_album\/7352\/revisions"}],"wp:featuredmedia":[{"embeddable":true,"href":"https:\/\/www.culturaltraslahuella.com\/en\/wp-json\/wp\/v2\/media\/7674"}],"wp:attachment":[{"href":"https:\/\/www.culturaltraslahuella.com\/en\/wp-json\/wp\/v2\/media?parent=7352"}],"curies":[{"name":"wp","href":"https:\/\/api.w.org\/{rel}","templated":true}]}}

Inché Ruth Antipichún &#8211; Médica tradicional
